164)/19024).
5, 29, 89
Let w(f) = f**3 - 60 - 11*f**2 + 31 + 3*f + 42. Let c be w(12). Suppose q - c = -31. List the prime factors of q.
2, 3
Let f be 6 + 28/(-12)*3. List the prime factors of (26 - -19)*-3*(f - 2).
3, 5
Let x be 6/(-4) + (-33)/(-6). Suppose 0 = 10*g - 1267 - 263. Suppose 18 + g = 3*r + 5*w, -x*w + 220 = 4*r. What are the prime factors of r?
2, 13
Suppose 8 = 4*w - 4*r - 12, 0 = 5*w + 3*r + 15. Let s(p) = 3*p + p**2 - 5*p**2 + 5*p**2 + 58. List the prime factors of s(w).
2, 29
Let p(h) be the third derivative of 2*h**5/15 - 2*h**4/3 + 5*h**3/6 + 4*h**2. What are the prime factors of p(-5)?
3, 5, 19
Suppose -754680 = 20*p - 61*p - 16*p. What are the prime factors of p?
2, 5, 331
Let b = -5235 + 10068. Suppose 4*u = v + b, -5*u + 2*v - 3*v = -6048. List the prime factors of u.
3, 13, 31
Suppose -p + 163 = 1219. Let b = p + 1907. What are the prime factors of b?
23, 37
Suppose -19 = -10*k + 431. Suppose -10*w + w + k = 0. Suppose 4*n - 2358 = -w*n. What are the prime factors of n?
2, 131
Let o(g) = 30*g + 6*g - 16 - 7*g - 73*g. List the prime factors of o(-16).
2, 43
Let b(o) = o**3 + 13*o**2 + 3*o + 32. Let f be b(-21). Let q = -2499 - f. List the prime factors of q.
2, 5, 53
What are the prime factors of (-670224)/(-80) + 5 - ((-6)/5 + 0)?
2, 131
Suppose 12 = -2*m + 18. Suppose 5*c - 676 = -m*j, 631 = 4*j + c - 242. List the prime factors of j.
7, 31
Suppose 515 = -11*r + 7*r - v, -131 = r + v. Let c = 619 + r. What are the prime factors of c?
491
Suppose 61*f - 16601 = 8348. What are the prime factors of f?
409
Suppose 4*d - h - 7 = 0, -3*h - 1 + 16 = 0. Suppose -1138 = 2*k + r, -d*r + 0*r - 574 = k. Let x = 799 + k. What are the prime factors of x?
3, 7, 11
Let z = -90 + 93. Suppose -936 = -2*h + z*u, 0 = 4*h - 5*u - 910 - 962. List the prime factors of h.
2, 3, 13
Let x(c) = c**3 + 4*c**2 - 3*c - 5. Let d be x(-3). Let v = 50 + d. What are the prime factors of (-4 + 1)/(245/v - 4)?
3
Suppose 32213 = 67*j - 16*j - 62188. What are the prime factors of j?
3, 617
Let m(i) = -903*i - 60. What are the prime factors of m(-3)?
3, 883
Let v = 32304 + -11935. List the prime factors of v.
20369
Let l(y) = 30*y - 1. Let c(u) = u**2 - 13*u + 3. Let v be c(13). Suppose 13*m - 30 = v*m. What are the prime factors of l(m)?
89
Let y be 2*(-2 - -8)/(-6). What are the prime factors of 1/(y/(-3710)*7)?
5, 53
Let x = -344 + 624. Let t(d) = 11*d**3 + d**2 - 2*d + 3. Let z be t(2). Suppose 0 = -5*v + 3*w + x, -4*w + z = -4*v + 323. What are the prime factors of v?
53
Suppose 0 = -4*t + 314 - 1118. List the prime factors of 30*t/(-24) + (-2)/8.
251
Let t(n) = 31 + n + n**2 - 55 + 2*n. Let z be t(-7). Suppose z*m + 152 = 8*m. List the prime factors of m.
2, 19
List the prime factors of (3/24*28460)/(10/8).
2, 1423
Let n(a) = 228*a**3 + 7*a**2 - 20*a + 9. What are the prime factors of n(3)?
2, 3, 257
Suppose 34*k = -2*i + 31*k + 10909, 4*i - 21830 = -2*k. What are the prime factors of i?
53, 103
Let j be 1240/(-6)*(-3570)/(-425). Let g = j + 2577. List the prime factors of g.
29
Suppose 4*k - 60*h - 39365 = -61*h, -2*k = 2*h - 19696. List the prime factors of k.
9839
Let s be (-1280)/48*(0 + 3). Let r = 76 + s. What are the prime factors of 4257/45 - r/10?
5, 19
Let y = 73 + -591. Let v be 2/4 + y/4 + -1. Let n = v + 235. List the prime factors of n.
3, 5, 7
Let r(w) = 2*w + 3. Let y(d) = d - 1. Let l(b) = -r(b) - 2*y(b). Let t be (-1)/((-22)/(-44) + 1/(-3)). List the prime factors of l(t).
23
Let x = 5157 + -24765. List the prime factors of (x/(-15))/2 - 6/(-15).
2, 3, 109
Suppose 5*z + 2*n + 146 = 753, 20 = -5*n. Let w = 16 + -70. Let c = w + z. What are the prime factors of c?
3, 23
Let t = 378 - 369. Suppose y + t*u - 720 = 11*u, -723 = -y - u. List the prime factors of y.
2, 19
Suppose -4*q + 3*p = 14, -2*p = q + 2*q + 2. Let c = 4 + q. Suppose 6*s = 2*s - j + 530, -4*s - c*j = -532. What are the prime factors of s?
2, 3, 11
Let h(z) = -z**3 + 1. Let l(a) = 5*a**3 - 4*a**2 - a + 7. Let c(g) = 6*h(g) + l(g). What are the prime factors of c(-8)?
277
Let v be (4/16)/(1/8). Suppose 5 - 10 = 3*n + v*f, -5*f = -n - 13. List the prime factors of (4 - 72/15)/(n/150).
2, 5
Let b = 2174 + -1570. What are the prime factors of b?
2, 151
Let u be -2 + (-3 - 1 - -8). Suppose 0*l - 1447 = -3*y - l, 961 = u*y - 3*l. What are the prime factors of y?
2, 241
Let x(j) = j**3 - 2*j**2 - 15*j + 16. Suppose -30 = -9*i + 3*i. Let s be x(i). Suppose -5*z + 3*h = 4*h - 809, 4*h - s = 0. What are the prime factors of z?
7, 23
Suppose 16*f - 6340 = 12*f + 26024. What are the prime factors of f?
3, 29, 31
Suppose 63*n - 138960 = 48*n. What are the prime factors of n?
2, 3, 193
Suppose 26*s + 9464 = 28*s - j, 4*s + 4*j = 18904. List the prime factors of s.
2, 5, 11, 43
Let m be (3 - 1) + (4 - 4). Suppose -14 = m*a - 392. Suppose 3*j = 4*j - a. List the prime factors of j.
3, 7
List the prime factors of 6/17 - (-150613500)/3485.
2, 3, 7
What are the prime factors of 63/(-72)*12*(2 - 7736/6)?
7, 1931
Let z(f) = -2518*f - 6705. List the prime factors of z(-14).
28547
Let h(c) = -2*c**3 - 30*c**2 - 51*c - 58. What are the prime factors of h(-21)?
5, 13, 97
Let b(t) = 2*t + 89. Let f be b(-25). Suppose 25133 + 37969 = f*z. What are the prime factors of z?
2, 809
Let p be 680/(-3)*105/20. Let r = 1764 + p. What are the prime factors of r?
2, 7, 41
Suppose 5*m + 2*o = 269, -3*m + 6*o - 3*o + 153 = 0. What are the prime factors of 45*1/(3/m)?
3, 5, 53
Suppose -50*h + 232*h - 99*h = 5374582. What are the prime factors of h?
2, 32377
Let a = 36 - 130. Let g = 329 + a. Suppose -5*u = -3*u + 3*z - 94, 5*u = -3*z + g. List the prime factors of u.
47
Let s(b) = 1308*b + 2483. List the prime factors of s(9).
5, 2851
Suppose -103 = -5*w + 177. Let v = w - 53. What are the prime factors of ((-414)/15 + v)/((-2)/10)?
3, 41
Suppose 14*l + 116630 = 5*i + 19*l, 2*i + l - 46654 = 0. What are the prime factors of i?
2, 3
Suppose 4 - 278 = -2*u. Let c = 480 + u. List the prime factors of c.
617
Let g(a) = 30*a**3 + 2 + 2 - 1238*a**2 + 29*a + 5*a + 1230*a**2. List the prime factors of g(3).
2, 211
Let y(z) = 3*z**2 - 19*z + 20. Let a be y(5). Suppose a = 85*j - 92*j + 910. What are the prime factors of j?
2, 5, 13
Let z(n) = -2*n**3 - 6*n**2 + 5*n - 3. Let f be z(-8). Let d(i) = -i**3 + 52*i**2 - 71*i + 601. Let x be d(51). Let s = x + f. What are the prime factors of s?
2, 89
Let x(v) = -269*v - 202. What are the prime factors of x(-38)?
2, 3, 5, 167
Let z(c) = 4*c**3 + 3*c**2 - 4. Let n = 39 - 35. Suppose -f + 6 = n. What are the prime factors of z(f)?
2, 5
Suppose 1303466 = 36*t - 126822 + 73304. List the prime factors of t.
2, 47, 401
Let l(t) = -429*t - 8. Let w = 584 - 587. What are the prime factors of l(w)?
1279
Let h = 686 - 677. What are the prime factors of h - 119152/(-64) - (-2)/8?
1871
Let r = -19 + 40. Let s = 34 - r. Suppose s*b - 5*b - 152 = 0. List the prime factors of b.
19
List the prime factors of ((-364)/308)/((-6)/66) + 5299.
2, 83
Suppose 5*p - 191799 = -4*w + 239849, -86322 = -p + 3*w. Suppose -47*o = -p + 3279. What are the prime factors of o?
3, 19, 31
Let w(n) = -n**2 + 42*n - 331. Let s be w(0). Let m = 641 + s. What are the prime factors of m?
2, 5, 31
List the prime factors of -43 + 24 + 14 + 1/(1/17648).
3, 5881
Let f = 49 + -42. Let d(w) = f + w**2 - 2*w**2 + 8*w - w**2 - 10*w - 3*w**3. List the prime factors of d(-3).
2, 19
Suppose -r + 6*r - 6 = m, 5*m + 4*r = 28. Let k(g) be the second derivative of 10*g**3/3 - 5*g**2/2 + 2*g. What are the prime factors of k(m)?
3, 5
Suppose 3*m - 875 - 3115 = 0. Suppose 0 = 10*j - 12*j - 5*h + m, 4*h + 2604 = 4*j. List the prime factors of j.
5, 131
Let b = -17408 + 29672. What are the prime factors of b?
2, 3, 7, 73
Let v(j) = -85*j - 838. List the prime factors of v(-72).
2, 19, 139
Let a(g) be the second derivative of 2*g**3/3 - 27*g**2/2 - 23*g. Let f be a(8). Suppose -f*u - 124 = -254. What are the prime factors of u?
2, 13
Suppose -t = -19*y + 24*y - 74793, -2*t - y = -149595. What are the prime factors of t?
2, 149, 251
Let i = 127 + -82. Suppose 5*b - 25 = -i. List the prime factors of 66 - 6*2/b.
3, 23
Let f(q) = -122*q - 10. Let c be f(-11). Suppose -9*r + 378 = -c. Suppose -z + r = 4*z. List the prime factors of z